 + -19) - 10
-21
0 + 0 - (-16 - (-26 - -15))
5
What is the value of 2 + (4 - ((-7 - -9) + -1) - 2)?
3
What is 11 - (1 + -1 + -8 + 11 + -7)?
15
5 - -7 - 13 - -14
13
4 + -5 - -16 - 7
8
34 - 2 - (117 + -83)
-2
Calculate 22 + (-6 - 20) + 0 + -3.
-7
Evaluate (41 - -23 - 29) + -16.
19
Evaluate -12 + (17 - (-14 - -10)).
9
((-7 - -4) + -6 + 10 - -9) + -34
-24
What is the value of 1 + 2 + (75 - 35) + -47?
-4
What is -1 - 0 - (20 - (3 + 3 + 4))?
-11
What is 15 + -13 + -21 - (-4 + 1)?
-16
What is the value of -101 - -108 - (3 + -3)?
7
What is 16 + (-2 + -12 - (-63 + 52))?
13
Evaluate -5 - (4 + (3 - 3 - -6 - 10)).
-5
What is the value of 12 + (4 - -10 - 8)?
18
What is the value of 23 + -28 + 4 + 21?
20
(18 - -7) + -12 + -5 + 6
14
Calculate -26 + 24 + -11 - -23.
10
Calculate (-5 - 0) + -68 + 29 + 47.
3
What is the value of (2 - (10 + -7)) + -20 + 17?
-4
16 - (-7 + -35 + 44)
14
What is the value of 4 + (21 - -12) + -17?
20
Evaluate -8 + (-2 - 4 - (5 + 8 + -21)).
-6
(2 - 12) + 32 + -8 + (-1 - -5)
18
What is the value of -15 - (18 + -86 + 38)?
15
What is the value of (-5 - 0 - (-3 + 3)) + -98 + 83?
-20
What is the value of 9 + (2 - (7 - -10))?
-6
15 - (30 + -29 + 32)
-18
Calculate (-9 - -13) + -32 - -8 - (1 + -5).
-16
-15 - ((12 - 39 - -21) + (9 - 3))
-15
What is -5 + (-9 - (27 + -22))?
-19
Calculate (18 - 112 - -77) + 15 + 0.
-2
What is (1 - -7) + (-38 - -40) + -2?
8
What is (3 + (-6 - -2) - -18) + -201 + 204?
20
(4 - (4 - 6)) + (-21 - -11) - 2
-6
Calculate 133 + -113 + -1 + -57.
-38
1 - -9 - (61 + -25 - 10)
-16
Evaluate 29 + -30 + -11 + 28.
16
What is the value of (19 - 10) + -7 + (7 - 15) + 3?
-3
What is -333 + 333 - (-3 + 0)?
3
-1 + -9 + 17 + -7 + -18
-18
What is the value of 8 - ((3 - 3) + (23 - (6 + -3)))?
-12
What is (-77 + (21 - 6) - -13) + 14?
-35
What is 1028 + -1026 + (-1 - (0 + 0 - 11))?
12
(37 - 11) + 8 - 24
10
What is the value of -6 - ((-1 - 8) + 24)?
-21
What is (5 - 1) + (-71 - -83) + 1 + 1?
18
What is the value of -37 + (-5 - -23) - -38?
19
Evaluate (6 - 15) + 7 + (36 - 5 - 2).
27
Calculate (-41 + 44 - (-2 + (2 - -1))) + -8.
-6
What is 0 + 2 + 1 + (5 - (-6 - -5))?
9
What is (2 - (1 + 6)) + (12 - 5)?
2
What is 6 + (-13 + -5 - -20)?
8
Calculate -6 + (41 - ((23 - 6) + -20)).
38
Evaluate -1 - (-39 + 44 + (-9 - 0) - 10).
13
Evaluate 1 + -49 + 1360 + -1322.
-10
-11 + (-9 - -17) - 10
-13
Calculate (19 - (3 + 8)) + -2.
6
123 - 122 - (0 + 6)
-5
Evaluate -21 - -2 - (41 - 52).
-8
13 + 11 + 9 + -14 - 6
13
What is -5 + 1 - (-13 - (6 - (-18 - -11)))?
22
-102 + 108 - (2 - -11)
-7
What is the value of 26 - (-663 + 655 + (-3 + 1 - -9))?
27
10 - (1 - (-21 - 0))
-12
Calculate (7 - 7 - (-3 + 8)) + 0.
-5
(5 + 22 - 15) + (-2 - -4)
14
What is -1 + -4 - (-3 - (5 - (4 + 5)))?
-6
What is 8 - ((1 + -2 - -5) + (46 - 42))?
0
Evaluate 12 + 6 - -3 - 9.
12
What is -10 + 7 + 12 + -10 + -5?
-6
Evaluate -3 + (9 - 2) + (33 - 7 - 10).
20
What is 8 - (29 + 2 + (-13 - 2))?
-8
What is 9 + -11 + 6 + 25 + -22 - 19?
-12
Evaluate -3 + 0 + 1 - (-6 - 0) - 7.
-3
What is the value of (-7 - (10 - 23)) + -8?
-2
What is the value of 5 + (-2 - 7 - -15) + -18 + 13?
6
What is the value of -2 + -1 + -3 - (5 + -10)?
-1
Evaluate (1 - 14) + (9 - (-1 + -1 + 7)).
-9
What is -39 - (-38 + 29 + -36)?
6
What is -1 + -9 + (45 + -65 - -12)?
-18
What is 1 - (-25 + 33 - 18)?
11
-2 - 9 - (-12 - -11)
-10
What is -6 - (22 - 40) - 2?
10
Evaluate 33 - 9 - (10 + -9 - -12).
11
What is the value of -1 - (17 - 18 - (3 + -5))?
-2
What is -12 + (-23 - 9 - -17)?
-27
Evaluate -5 - -2 - (11 + (-6 - -6) - 5).
-9
What is -27 + (-30 - -28 - -24)?
-5
12 + -2 + -9 + 4
5
-2 + (7 - -3) - (-21 + 22)
7
(129 - 144) + 3 + -4 + 2
-14
What is the value of -35 + -8 + 44 + -11?
-10
Calculate 1 - (-2 + (12 - 5) - (3 - 5)).
-6
Calculate -19 - (-30 - (31 - 70)).
-28
What is -1 - (1 - 0) - (-41 + 58)?
-19
Calculate (-8 + 9 + 0 - 11) + 28.
18
What is the value of (-17 - (0 + (-4 - 2))) + -7?
-18
What is the value of -8 - (-7 + -1 + -89 + 98 - 2)?
-7
3 + (-2 - (0 - 7)) + -46 + 47
9
(-11 - (12 + (-10 - (-13 + 7)))) + 9
-10
What is 15 + -19 - (0 + 0 + -8 - 26)?
30
Evaluate 14 - (-4 + (4 - 3) - -7).
10
(5 - 11) + -3 - -13 - -6
10
What is 2 - 0 - (22 + -8 + 4)?
-16
What is the value of 0 + -1 - -3 - (16 + 14 - 24)?
-4
Calculate 10 - (-8 - -9) - (34 + (0 - 4)).
-21
What is -21 - (-5 + -4) - (-4 - -5 - -3)?
-16
-18 + 12 + 1 - -6 - 2
-1
What is 111 + -111 + (2 - 1) - (-4 - 2)?
7
Calculate (18 - 0) + -84 + 67.
1
Calculate -7 - 7 - (-15 + 6 + 6).
-11
Evaluate 20 - (18 + -7 + 5) - 15.
-11
What is the value of 34 - (40 - (-4 - -44))?
34
Calculate 3 + (-1 + 7 - (31 - 33 - -10)).
1
What is the value of (-2 - 0) + (60 - 52)?
6
-33 + 8 + (13 - -25)
13
Calculate (-4 - (3 - 6)) + 21 + -21 + 21.
20
(-4 - (2 + 0)) + (247 - 227)
14
Evaluate (-3 - 21) + 14 - (-19 - 0).
9
What is the value of (0 - (11 + -14)) + -11?
-8
What is the value of -5 - ((-5 - 6) + 12)?
-6
-14 + -2 + 4 + 6
-6
Evaluate (41 - 53) + (0 - -3 - -25).
16
What is the value of (10 - 0) + (293 - 290)?
13
2 + 8 + (-9 - (-5 + -1))
7
0 - -3 - (-6 + 3) - 12 - -16
10
Evaluate -6 - 12 - -21 - -17.
20
What is -25 + 37 + (-6 - -10) - 0?
16
7 + -3 + (-9 - -7)
2
Calculate (14 - 6) + (1 - 4) + -4.
1
What is (-11 - -3) + (-53 - -50) + (-8 - 1)?
-20
Calculate (2 + -5 - -7) + (-3 - -5).
6
Calculate (18 - (46 - 27)) + 0 + 1 + -10.
-10
What is the value of 7 + (-2 - 4) - 6 - -1 - -3?
-1
Evaluate -3 + 2 + -3 + (-7 - -2) + -4.
-13
Evaluate 1 + 8 + (-17 - -7).
-1
-6 + -7 + -3 - (-58 - -68)
-26
Calculate 24 + 12 + -25 + -4.
7
Evaluate (-3 + -36 + 2 - -11) + 2.
-24
What is the value of 137 + -163 + 0 + 15?
-11
What is 118 + -130 - (3 - 1 - -2)?
-16
Evaluate 3 + -4 + 0 + -65 + 66.
0
What is 2 + -2 + (2 - 11) - (-1266 - -1240)?
17
-2 - (-1 + -1) - (-5 + -4)
9
-8 - ((0 - 4) + 25 + -28)
-1
(36 - (39 - 16)) + -28
-15
Evaluate 11 + 0 - (-2 + (-13 - -10) - -4).
12
Evaluate 67 + -63 - (-10 - -35).
-21
Evaluate 3 + -1 - (-5 + (12 - 18)).
13
Evaluate 2 - ((16 - 6 - 3) + 3).
-8
What is the value of (0 - 22) + (-450 - -473)?
1
What is 1 + (-15 + 3 - -6 - -8)?
3
Evaluate -35 - -5 - (3 - 18).
-15
What is (39 - 45) + (2 - -22)?
18
-3 + (-4 - -11 - -3) + -3
4
Evaluate (-14 - -9) + 15 + -4 + -13.
-7
What is -9 - (9 + (0 - -1 - 10 - 2))?
-7
-7 + (-2 - 2 - -7) + 2 + -10
-12
What is the value of 6 - -12 - 13 - 18?
-13
9 - 25 - -9 - -2 - -15
10
Calculate -4 + 14 + (176 - 208).
-22
(23 - (1 - -12)) + -15
-5
Calculate -14 + (-23 + 16 - -21).
0
What is (14 + 2 - 9) + (-9 - 0)?
-2
Evaluate 1 + -7 + -7 + (-3 - -8) + 0.
-8
16 + (-34 - -55) - 33
4
What is the value of -10 + (5 - 11 - -9)?
-7
What is the value of (-20 - -1) + (9 - (0 + (-8 - -14)))?
-16
Evaluate 0 - 45 - (46 + -10 + -49).
-32
Evaluate -11 + 13 + -16 + -1 + 5 + 4.
-6
Calculate 0 + (-5 - (-10 + -3)) + -2 + -17.
-11
Calculate -1 + -7 + 2 - ((-3 - 11) + 21).
-13
What is 11 + -20 + 6 - (4 + (3 - 0))?
-10
What is (89 + -81 - (-1 + -1)) + 22 - 8?
24
-16 + ((0 - -13) + (-124 - -120) - 13)
-20
Calculate 11 - (20 + 10 - 11) - (-31 - -4).
19
What is the value of (38 + -28 - -4) + 15?
29
What is the value of -28 + -4 + (-14 - (-15 - -7)) + 9?
-29
-17 - (11 + 2 + -42 + 26)
-14
What is (-1 - 16) + (13 - (8 - 1))?
-11
Evaluate -12 - -10 - (1 - 5) - (22 + -17).
-3
Calculate -11 - (69 + -45 + -31 - (-1 - -24)).
19
11 - (-9 + 6 + -1) - (-1 - -9)
7
What is -2 + 13 + -20 - 2?
-11
Calculate 6 + -9 + (13 - 14).
-4
Calculate -35 - -38 - (-4 - -6 - -8).
-7
What is the value of -18 + ((-4 - -5) + -2 - (18 - 21))?
-16
What is 5 + -6 + 3 + -13 + 10 + 5?
4
(-2 - (-5 + -2 + 5)) + -4 + 11
7
What is the value of (-1 - (1 + 0)) + (-16 + -3 - -32)?
11
Calculate 29 + (-7 - 6) + -5.
11
0 - (-4 + 11 + -9 - (2 + -8))
-4
What is the value of 204 + -187 - (0 - -13)?
4
Calculate -10 - ((-21 - -8 - -9) + 1).
-7
What is -13 + 2 + 2 + 11 + 10?
12
Evaluate (-44 - -52) + (-9 - -1) + (-1 - -15).
14
What is the value of -19 + 6 + -2 + 15?
0
What is the value of 7 - (3 + -5 + 1 + 18)?
-10
What is the value of 13 - (18 + -8 + -1) - (-8 - 0)?
12
Calculate (-115 - -106) + (0 - 2) + (10 - 3).
-4
Calculate 25 - (-12 + 10 + 13).
14
Evaluate (0 - 13) + (1 - 5 - -1).
-16
What is (-14 - 2) + 6 + 2 + -8?
-16
Evaluate 60 + -54 + (8 - 0).
14
Calculate (-15 - -14) + (10 + 4 - 8).
5
Calculate -26 - (19 + -4 - (36 + -19)).
-24
Evaluate (